r?
False
Let r = 13716 + -26752. Let m = r - -18909. Is m a composite number?
True
Suppose -4*l = o - 1193042, -596532 = 2*l - 4*l + 5*o. Is l a prime number?
True
Suppose 3*d - 5*d + 90350 = -86228. Is d prime?
True
Suppose -72*z - 25332 = -16*z - 117004. Is z a prime number?
True
Let i(f) = -f**2 + 13*f + 26. Let v be i(15). Let l(u) = 3 + 0*u - 27*u + 2 - 168*u. Is l(v) prime?
False
Suppose 5*u - 17 = 33. Let l(x) = 13 + 6*x + 207*x + 102*x. Is l(u) prime?
True
Suppose -34281 = -r - 10173. Suppose 4814 = 11*l + r. Let x = -603 - l. Is x a prime number?
True
Let a(y) = y**3 + 25*y**2 + 14*y + 19. Suppose 0 = 4*f - 3*x + 49, -2*f = 3*x + 30 + 17. Is a(f) a composite number?
False
Let t = 250 - 145. Let k be -6 + -6 + 8/12*-3. Is (2/(-20))/(k/t)*268 composite?
True
Suppose -26 = 4*c + 2*v - 112, -c = 4*v - 32. Let t = 19 - 19. Suppose t = -c*n + 16*n + 1864. Is n composite?
True
Suppose -13 = -3*o + 2*k, 0*o - 2*k - 12 = -2*o. Let u(x) = o + 155*x**2 - 5*x + 1 + 362*x**2 + 3. Is u(1) composite?
True
Suppose -c - 557 - 28766 = -2*w, -3*w = -3*c - 43977. Let k = 21961 - w. Is k a prime number?
True
Let j = 4283 - 2315. Suppose 9692 + j = 20*t. Is t composite?
True
Suppose -f = -5*b + 197102, f = -2*b + 4*b - 78839. Is b prime?
False
Suppose -3*x = 9, 0 = 6*r - 2*r + x + 175. Let u = 342 + r. Is u a composite number?
True
Suppose -3*k + 222 = -2*b, k - b - 85 = -4*b. Suppose -k = -6*l + 110. Is l prime?
True
Suppose 148*y - 157*y = -252. Suppose 0*u + 24 = 3*u. Suppose -4*s - 5*c + 4971 = 0, y = -4*c + u. Is s a composite number?
False
Is -3 + (-2641232)/(-20) + (-228)/380 prime?
False
Let r = 510206 - -838467. Is r composite?
False
Let y(t) = 19*t**3 - 3*t + 6. Let n be y(3). Suppose 7*o = 6*o + n. Suppose -2*m = 2*s - o, 2*s - 135 = -m + 122. Is m a prime number?
False
Let s(l) = 2450*l**2 - 828*l + 1. Is s(3) a prime number?
False
Suppose 3*v + 174152 = 2*u, 126*v + 174200 = 2*u + 131*v. Is u prime?
False
Suppose -5*q - 3*c + 18339 = 0, -9*q + 18335 = -4*q + 5*c. Suppose -22*b = -21*b - q. Is b a prime number?
False
Suppose 5*u - 5*n + 70150 = 0, -u + 4*n = -6*u - 70105. Let t = 29072 + u. Is t a composite number?
True
Let m be -44*((-9)/45)/(8/10). Suppose 2*d - 5*b = 7321, 9*d = m*d + 5*b - 7291. Is d prime?
False
Let x = -19 - -23. Suppose -g - x*b = -15, 7*g - 2*g - 2*b = 9. Suppose -71 = g*k - 248. Is k prime?
True
Let n(y) = -1679*y - 245. Let j be n(-19). Suppose 9*l - l = j. Is l a composite number?
True
Suppose 2181*x = 2150*x + 8461977. Is x prime?
False
Is 60135 - (6 + -10)*2 prime?
False
Let h be (0 + -1 + -1)/((-6)/(-17103)). Let g = 1247 - h. Is g/10 - 2/(-10) composite?
True
Suppose 0*c - 2*c = -5*c. Let a(s) = -9*s + 19*s**2 - 11 + c + 5*s**2. Is a(-6) a composite number?
False
Let j be 8/1 + 0 + -4. Suppose -g + 309 = -t - 236, 3*g - 1635 = j*t. Suppose a + 2*p - 549 = 0, 5*a - 3*p + g = 6*a. Is a a prime number?
True
Let h be 1*149883 - ((4 - -1) + -2). Suppose h = 13*v + 11*v. Is v composite?
True
Let y = 241 + -235. Is (y + 3219/(-6))*(-10)/1 prime?
False
Let i be 138596/(-22) - (-2)/(-11). Let c = i + 2948. Let z = -1601 - c. Is z a composite number?
True
Suppose 5*s = 30415 - 9135. Let n = s - 2355. Is n composite?
False
Let c = -405 + 706. Let h = -3084 - -3524. Let m = h - c. Is m prime?
True
Let m(g) = 3*g + 40. Let r be m(-14). Is (r/(-2) + 0)*(-34 - -10179) prime?
False
Let c(m) = -71*m - 135. Let r be c(-2). Suppose -r*q = 4*j - 20343, -5*j - 2*q = -8167 - 17228. Is j composite?
False
Suppose 2*g = 815 + 5477. Let f = g - 727. Let y = 324 + f. Is y a composite number?
True
Let d(p) = 3*p**2 - 67*p - 24. Let f be d(23). Let a(h) = 59*h - 127. Is a(f) composite?
False
Let q(y) be the third derivative of 23*y**5/12 + y**4/24 - 5*y**3 - 46*y**2. Let i be q(11). Suppose z + 4*z + 5*t = 13890, 5*z = t + i. Is z a prime number?
False
Let o(n) = -16*n**3 + 3818 - 799 - 6*n**2 + 4*n**2 + 15*n**3 + 8*n. Is o(0) composite?
False
Suppose 20*a = 13*a + 35. Suppose -g + 7032 = -a*w, 3*g - 6*g - 3*w + 21186 = 0. Is g a prime number?
True
Let v(f) = -f**2 + 7*f + 4. Let k be v(7). Is 3/k - (35259/(-28) + 3) a composite number?
True
Let s = 91 + -87. Suppose s*q + 7*q = 4499. Is q composite?
False
Suppose 0 = -3*r + 9, -3*v + 987 = -0*r - 4*r. Suppose k - 252 = -4*x - 3*k, -v = -5*x + 4*k. Suppose t - x = 146. Is t a prime number?
True
Let v be (15717/52)/(1/4). Suppose -v = -4*q + 1323. Is q composite?
True
Let k(p) = -p**3 + 18*p**2 - 13*p + 17. Let v be k(17). Let i = -83 + v. Suppose -2*d = 2*q + d - 1772, 2*q + i*d = 1774. Is q prime?
False
Suppose 4*y - 3*h - 336209 = 0, -h - 12 + 5 = 0. Is y a composite number?
False
Let k(a) = a**3 + 8*a**2 + 3*a - 5. Let z be k(-4). Is 1/(-4) + (-670)/(-40)*z a composite number?
False
Let m be 1/(((-4)/(-2))/2). Let o be -1*(3 + -7) + (-6)/m. Is (-2)/o*(1969 - 3) a prime number?
False
Is (355620/9 + 1)/((-46)/(-138)) composite?
False
Let a = 879 - 870. Suppose 71741 + 16810 = a*j. Is j a composite number?
False
Let a(p) = 14*p + 457. Is a(83) a prime number?
True
Is (-4 - -3) + (7 - (8 - 4203)) prime?
True
Let j(i) = 837*i**2 - 10*i + 79. Is j(-10) a prime number?
False
Let z = -2633 + 7834. Is z a composite number?
True
Is (-9)/((-72)/14117620)*(-6)/30*-2 a prime number?
False
Suppose 0 = -76*r + 2225026 + 2368642. Is r composite?
False
Let h(a) = -11*a**3 - 10*a**2 - 9*a - 233. Is h(-12) composite?
False
Is (4 + (-217614)/9)*(-17)/((-170)/(-165)) composite?
True
Let u = 32846 - 16678. Suppose -4*w + 7228 = -u. Is w a prime number?
True
Let n(r) = -r**2 + 24*r - 149. Let p be n(12). Is 13146 - 2/(p + 3) composite?
False
Suppose 46*i + 62*i = 5*i + 74290295. Is i composite?
True
Let r be 140/50*2*5. Let u be (-4)/(-14) + 76/r. Is 77 + (2 - 6/u) a prime number?
False
Let x(c) = 12517*c + 6902. Is x(61) prime?
False
Let g(f) = -30*f**2 + 5*f + 17. Let n be g(-4). Let j = 74 - n. Is j a composite number?
False
Let u be (2/3)/((-8)/84). Let n be (-2)/(4/u) - (-3)/(-2). Suppose -563 = -g - k, 4*g - n*k + 3*k = 2258. Is g prime?
False
Let j(f) = 1467*f - 5195. Is j(34) a prime number?
True
Suppose 3*p - p = 5*l + 24, 4*p = 2*l + 64. Let i be 17/(1785/434) + (-4)/30. Let v = p - i. Is v prime?
True
Let o be (-3 - 0)*(-711)/(-108)*-292. Let b = -3914 + o. Is b a composite number?
True
Let b be 2/((-130)/(-247)) + 1/5. Suppose -b*u = 4*x - 5*u - 3820, -x - u = -955. Is x a prime number?
False
Suppose -41*m + 1162813 - 13664 = -143048. Is m prime?
True
Let m(n) = -n - 3. Let u be m(-11). Suppose -23 = -5*x - u. Is (-11148)/(-1 - 3) + x + -1 prime?
True
Let u(k) = 180*k**3 - 8*k**2 - 16*k - 3. Let r(w) = -2*w**3 + 12*w**2 + 5. Let i be r(6). Is u(i) a prime number?
False
Is 4/(-1)*(-16774032)/704 composite?
True
Let d = 118255 + -73260. Is d a composite number?
True
Suppose -26*d + 2*n + 76714 = -22*d, 0 = d + 2*n - 19191. Is d a composite number?
False
Suppose -6*z = 3*h - 934038, 22 = 5*h + 2. Is z a composite number?
False
Let p be ((-288)/2)/1*14. Let a = -1187 - p. Is a prime?
True
Let a(w) = 128*w + 3. Let l(k) = 1. Let q(b) = b - 7. Let s(j) = -6*l(j) - q(j). Let r(u) = a(u) - 4*s(u). Is r(1) a composite number?
False
Let y(z) be the second derivative of -317/6*z**3 + 0 - 4*z**2 - 28*z. Is y(-1) a prime number?
False
Let c(g) = g**3 + 4*g**2 - 4*g - 12. Let i be c(-2). Suppose i*k - 6537 = -3*b, 0 = 3*b - 4*k + 2*k - 6537. Is b prime?
True
Suppose 4*l = -0*a - 4*a + 8, 0 = -l - 3*a + 6. Let b be 5 + l + -3 + 9 + -6. Suppose -i - 1 - 2 = 0, b*i = 4*d - 203. Is d composite?
False
Let c be (-3)/(-4) - 45/(-20). Suppose -3*f + 2*f - c = 0. Is ((-783)/18)/(f/4) a composite number?
True
Let d(k) = 129*k - 1. Let u(y) = -65*y. Let z(r) = -3*d(r) - 5*u(r). Suppose -5*b - 23 = -2*s - 9, 3*b + 2*s = -18. Is z(b) composite?
False
Let s(h) = -7*h + 101 + 96 + 2*h**2 + 2831*h**3 - 192. Is s(1) composite?
True
Suppose 2*p = 4*b - 10092, 0*p + 20195 = -4*p - 3*b. Let m = 677 - 683. Is m/(-2)*p/(-24) composite?
False
Let b = -9940 + 19353. Is b composite?
False
Suppose -2*w = -4*p + 19614, 3*p + 41*w - 36*w = 14704. Is p a composite number?
False
Suppose 4*n + 8888 = -2*l + 61646, n + 26394 = l. Let q = l - 10458. Is q a composite number?
True
Is 360962 - (-3 - ((-28)/2 - -8)) a prime number?
True
Suppose